12
Let w(q) = -q + 1. Let d be ((-11)/(-3))/(1/(-3)). Let l = d + 7. What is w(l)?
5
Let y(m) = -m**3 - 5*m**2 + 7*m + 8. Let g be y(-6). Let a(i) be the first derivative of -i**2 + 1/3*i**3 + 0*i - 2. Calculate a(g).
0
Let v(h) = -5*h**3 - 5*h**2 + 3*h - 2. Let b(x) = -9*x**3 - 10*x**2 + 5*x - 3. Let s(z) = 4*b(z) - 7*v(z). Calculate s(-5).
7
Let b(a) = -11*a + 3*a + 2*a + 2. Determine b(2).
-10
Let g(y) = 2*y**3 + y**2 - y + 12. Let o(r) = r**3 + 1. Let s(u) = -g(u) + o(u). Calculate s(0).
-11
Let n(a) = -a**3 - 3*a**2 + 2*a + 3. Let z be n(-3). Let f = 4 + z. Let d = f + -2. Let r(t) = -4*t**2 + 2*t + 1. Calculate r(d).
-5
Let g(z) = 2*z**3 + z**2 - 2*z + 1. Let q(p) = p**2 - 14*p + 14. Let c be q(13). Calculate g(c).
2
Let v = -6 + 3. Let o(l) = -3*l**2 + 4*l - 2. Let c be 2*12/8 + 2. Let m(t) = -5*t**2 + 6*t - 3. Let g(n) = c*m(n) - 8*o(n). Calculate g(v).
-2
Let h(j) be the first derivative of -j**3/3 + 3*j**2/2 - 4*j - 38. Let z(p) = p**3 + 4*p**2 - 5*p + 3. Let v be z(-5). Calculate h(v).
-4
Let v(y) = -3*y**2 + 3*y**2 + 1 + y**2 - y. Suppose 3*w = 5*z - 24, 0 = 4*z + w - 19 - 7. Let t be z/(-21) + 9/7. Calculate v(t).
1
Let a(t) be the first derivative of -t**2/2 - 2*t - 70. Suppose 12 = -4*c + 2*c. Calculate a(c).
4
Let s be ((-14)/(-42))/(2/18). Let z(i) = -3*i + 6. Give z(s).
-3
Let d be (-2)/10 + 16/5. Let k(w) be the second derivative of -w + 1/2*w**2 + 0 - 7/6*w**d. What is k(1)?
-6
Let g(b) = -b**3 + 2*b**2 - 2*b - 1. Let n(p) = p**3 - p**2 + p + 2. Let d be n(0). Suppose -7 - d = 3*h. Let x be h/6*8/(-2). Calculate g(x).
-5
Let f(p) = 5*p**2 - 2*p - 1. Let d = 22 + -13. Let m = 8 - d. Determine f(m).
6
Let q(g) be the third derivative of -g**2 + 0 - 1/6*g**3 + 11/120*g**6 + 0*g + 0*g**4 + 0*g**5. Determine q(1).
10
Let v = -22 - -33. Let m = 6 - v. Let o(l) = -9 - 2*l + 2 + l. Calculate o(m).
-2
Suppose 0 = -4*a - 4*z + 4, 2*z = a - 2*z - 6. Let u(r) = r + 1. Give u(a).
3
Let s(x) be the second derivative of x**5/20 - 7*x**4/12 - 5*x**3/3 + 7*x**2/2 + 18*x. What is s(8)?
-9
Let q(c) be the first derivative of -c**3/3 - 5*c**2/2 + 7*c - 8. Calculate q(-5).
7
Let r(t) = 8*t**2 + 1. Suppose -56*n + 51*n = 5. What is r(n)?
9
Let u = 3 + -1. Let v(d) = 2*d**2 - 2*d + 1. What is v(u)?
5
Let l(x) = -x + 1. Let o(y) = -y**2 + 6. Let d(g) = 2*l(g) - o(g). Suppose -4*w + 8 = 5*k - 3*k, -2*k + 5 = w. Let i = 5 - w. What is d(i)?
4
Let u(r) = r + 18. Let t be (-4*(-6)/48)/(2/(-36)). What is u(t)?
9
Let n(w) = -w**3 - 4*w**2 + 2*w + 6. Suppose 0 = 3*q + 3 - 6. Let l be -4 + q - (2 + 0). Let j(a) = a + 1. Let z be j(l). Give n(z).
-2
Suppose 0*j = -3*l - 3*j, -16 = -4*j. Let a(c) be the first derivative of c**3/3 + 3*c**2/2 - 2*c - 1. Determine a(l).
2
Let g(y) = -2*y**3 - 4*y**2 - 3*y + 2. Let x(k) = -k**3 - 1. Let j(n) = g(n) - x(n). Determine j(-3).
3
Suppose 0 = -v + 6*v + 30. Let h(q) = q**3 + q**2 - q. Let f(n) = -3*n**3 + n**2 - n + 6. Let c(x) = -f(x) - 4*h(x). What is c(v)?
0
Let x(o) = 2*o**3 - 8*o**2 - 13*o - 12. Let w(c) = 3*c**3 - 8*c**2 - 14*c - 13. Let r(f) = 3*w(f) - 4*x(f). Determine r(-7).
-12
Let t(n) = -n**2 - 9*n - 5. Suppose -2*k = -6 + 18. What is t(k)?
13
Let x(i) = -2*i. Let g(f) = -5*f - 1. Let b(d) = -2*g(d) + 6*x(d). Determine b(4).
-6
Let b be (-2 - (-18)/15)/(4/(-40)). Let u(j) = j**2 - 8*j + 2. Give u(b).
2
Let f(p) = -p**3 - 6*p**2 - p. Let b(s) = s**3 + 5*s**2 + s. Let r(a) = 6*b(a) + 5*f(a). Let w be 6/(-3) - (1 + -1). Give r(w).
-10
Let i = -5 - -7. Let d(a) = 0*a - 3*a**2 + 3*a - a + a**i. What is d(2)?
-4
Let s(q) = 2*q**2 - 7*q + 6. Let i be -18 + 17 - (-5 - 0). Determine s(i).
10
Let n = 6 + -10. Suppose 4*l - 6*l = -6. Let r(a) = l - 2*a - a - 8. Calculate r(n).
7
Let f = 16 + -11. Let n(o) be the third derivative of -o**6/120 + o**5/15 + 5*o**4/24 + 2*o**3/3 + 67*o**2. What is n(f)?
4
Let z(j) = 2*j + 6. Let p(t) = 3*t - 3. Let n be p(2). Suppose u - 4*v + n*v + 1 = 0, -4*v = -3*u + 1. Give z(u).
-4
Let x = 5 - 4. Suppose 3*g + 4*n - 6 = g, 5 = 3*g + 2*n. Let v(o) = -2 + 3 + o**2 - g - o. Give v(x).
0
Let m(f) = -2*f - 11. Let i(z) = 3*z + 12. Let n(b) = 4*i(b) + 5*m(b). Determine n(7).
7
Let c = 22 + -21. Let o(q) = -q**2 + 2*q - 1. Let u(a) = -4*a**2 + 6*a - 3. Let m = 1 + -3. Let f(g) = m*u(g) + 7*o(g). Calculate f(c).
2
Let z(u) = u**2 - 2*u. Let v = 10 - 2. Let q be 18/8 + (-2)/v. Calculate z(q).
0
Let u(y) be the first derivative of 3 - y - 1/3*y**3 - y**2. Determine u(-2).
-1
Let g(l) = l**3 + 2*l**2 - 4*l. Suppose -5 = -9*k + 4*k. Suppose w + t = -0*t + 3, -w = 3*t + k. Suppose 5*r + 10 = -y - w, r = 4*y - 3. Determine g(r).
3
Let d(r) = -r**2 + 3*r. Suppose -5*u - 14 + 9 = 0. Let b be u + 2 + -2 + 4. What is d(b)?
0
Suppose 0 = -2*q - q + 12. Suppose x - r - r = q, 2*x = 5*r + 8. Let f(g) = -g**2 + 4*g - 2. What is f(x)?
-2
Let x(l) be the first derivative of l**3 - l**2 + 2*l - 40. Determine x(2).
10
Let q(u) = -u**3 + 4*u**2 - 3. Let l be (-5)/(20/8) + 5. Give q(l).
6
Let h be 1/1*-2 + 0. Suppose 5*n + 6 = -2*m - 1, 3*n + 1 = 2*m. Let p be n + -2*(-1)/h. Let s(v) = -v**2 - 3*v - 1. Determine s(p).
1
Let q(b) = 8*b - 1. Suppose -3*w = 3 + 3. Calculate q(w).
-17
Let m be (-6)/(-8)*(-10 - -6). Let r be (1 - 1)/m + 1. Let o(k) = -k + 2. Calculate o(r).
1
Let x be 18/(-15)*(-10)/4. Suppose -x*w + 6 + 6 = 0. Let d(k) = w - k**2 - 3*k + 2 - 2*k. What is d(-5)?
6
Let r = -4 + 8. Suppose b - 25 = -r*b. Let l(w) = -3*w + 2*w - b + 0*w + 0*w. Calculate l(0).
-5
Suppose -3*g + 5 + 22 = 0. Suppose 4*x - x + g = 0. Let r(j) = -j**2 + 3. What is r(x)?
-6
Let r(t) = -22 + 7 + 4 - t + 7. Give r(0).
-4
Let q(b) = 4*b**2 + 0*b**3 + 1 + b**3 - 2*b + 2*b. Give q(-4).
1
Let j(v) = -v**3 - 19*v**2 - 19*v - 13. Let x be j(-18). Let h(k) = -k**2 + 5*k - 2. Give h(x).
-2
Suppose 0*y - 25 = -y. Suppose h + 4*j = -7, 5*h + 2*j + 10 + y = 0. Let x(k) = k**2 + 6*k - 4. What is x(h)?
3
Let l = 19 + -26. Let i(c) = -c - 6. Calculate i(l).
1
Let x = 4 + -2. Let w be 2*1*(x + -3). Let i(p) = -27*p**2 + 58*p**2 - p**3 - 3 - 33*p**2 - 4*p. What is i(w)?
5
Suppose -11 + 17 = r. Let b(i) = i**3 - 5*i**2 - 3*i + 2. What is b(r)?
20
Suppose 3*j = j + 8. Let w(b) = 2*b**2 - 7*b + 5. What is w(j)?
9
Let i(p) = 2*p + 2 - 1 - 9*p. Suppose -2*z + 4*z = 4. Calculate i(z).
-13
Suppose 3*b - 5*i - 3 - 5 = 0, -5*i = 3*b + 32. Suppose 0*s - s - 3 = -2*h, -h = s. Let n = s - b. Let x(p) = p. Give x(n).
3
Let r(c) = -7*c**2 - 4*c + 2. Let y(z) = 6*z**2 + 4*z - 2. Let t(h) = -5*r(h) - 6*y(h). Calculate t(-5).
-3
Let u(v) be the second derivative of 7*v**5/20 - v**4/12 + 8*v. Determine u(-1).
-8
Let g = 0 - -2. Suppose -4*d = -11 - 5. Let x(t) = 3*t**2 - 3 + 4*t - 2*t**g - d. Give x(-5).
-2
Suppose 0 = h - 2 - 2. Suppose 0 = h*w - 0 - 4. Let k(g) = -g - 1. Give k(w).
-2
Suppose 2*z - 3*b = 0, 2 + 0 = -b. Suppose -3*k + 8 - 2 = 0. Let h(d) = -5*d - 1 + d - d**k + d. Determine h(z).
-1
Let o(z) = -7*z**3 + 7*z**2 - z + 6. Let u be (-11)/3 - (-6)/9. Let n = u - -9. Let w(x) = -6*x**3 + 8*x**2 - x + 7. Let j(q) = n*w(q) - 7*o(q). Determine j(1).
13
Suppose 0 = 4*a + 2*s + 2, -5*a + 4*s - 4 - 18 = 0. Let c(x) = -x - 2. Calculate c(a).
0
Let q(o) = o**3 - 11*o**2 + 6*o - 3. Let a(c) = c**3 - 12*c**2 + 7*c - 3. Let r(p) = 5*a(p) - 6*q(p). Determine r(6).
-3
Let p be (-21)/3 + -4*(0 + -1). Let x(l) = -l**3 - l**2 - 4*l - 3. What is x(p)?
27
Let y(q) be the first derivative of q**4/4 - 4*q**3/3 + q**2 - 3*q + 1. Suppose -2*t - 10 = -c, 2*c - 6 - 8 = 2*t. Determine y(c).
5
Let u(a) be the third derivative of 0 + 2*a**3 + 0*a - 6*a**2 - 1/24*a**4. Give u(0).
12
Let b = -51 + 56. Let o(y) = -y**2 + 7*y + 3. Calculate o(b).
13
Let t(h) = -12*h + 19*h - 5 - 8*h. Calculate t(-4).
-1
Let q(u) = -2*u + 1. Let w(h) = -h**2 + 2*h - 3. Let g be w(2). Let l(d) = 2*d. Let n(a) = g*l(a) - 4*q(a). Determine n(4).
4
Suppose -4*z - 35 = -9*z. Let n = -7 + z. Let h(i) = i**3 - i. What is h(n)?
0
Let p(s) be the third derivative of s**2 - 1/8*s**4 + 0*s + 0 - 1/3*s**3. Suppose -5*q = 3 + 7. Determine p(q).
4
Let v be 9/6 + (-1)/(-2). Let m(u) be the first derivative of -u**2/2 + 4*u - 25. What is m(v)?
2
Let h = 22 + -13. Suppose 4*w + 5 = -g, -2*w - w - h = 0. Let d(o) = o**2 - 8*o + 5. Calculate d(g).
-2
Let j(w) be the third derivative of -w**5/15 + w**4/6 - 2*w